{"id":847,"date":"2026-03-09T09:46:25","date_gmt":"2026-03-09T12:46:25","guid":{"rendered":"https:\/\/ultimossocorros.com.br\/?page_id=847"},"modified":"2026-03-09T09:58:45","modified_gmt":"2026-03-09T12:58:45","slug":"publicacoes","status":"publish","type":"page","link":"https:\/\/ultimossocorros.com.br\/index.php\/publicacoes\/","title":{"rendered":"Publica\u00e7\u00f5es"},"content":{"rendered":"\n<p class=\"has-text-color\" style=\"color:#f60921;font-size:45px;font-style:normal;font-weight:700\"><strong>Artigos<\/strong><\/p>\n\n\n\n<div class=\"wp-block-group\"><div class=\"wp-block-group__inner-container is-layout-constrained wp-block-group-is-layout-constrained\">\n<p class=\"has-accent-1-color has-text-color\" style=\"font-size:20px\"><strong><strong>\u25cf <\/strong><\/strong>Schmid, K.; Cury, P.M.; Schmidt, M.; Bollig, G.; Nascimento, J.S. First Experiences with Last Aid Courses as Tool for Public Palliative Care Education in Brazil. <em>Nurs. Rep.<\/em> <strong>2025<\/strong>, <em>15<\/em>, 386. <a href=\"https:\/\/doi.org\/10.3390\/nursrep15110386\" target=\"_blank\" rel=\"noreferrer noopener\">https:\/\/doi.org\/10.3390\/nursrep15110386<\/a><\/p>\n\n\n\n<p class=\"has-accent-1-color has-text-color\" style=\"font-size:20px\"><strong><strong>\u25cf<\/strong><\/strong>  Mills J, Abel J, Kellehear A, Noonan K, Bollig G, Grindod A, Hamzah E, Haberecht J. The role and contribution of compassionate communities. Lancet. 2024 Jul 13;404(10448):104-106. doi: 10.1016\/S0140-6736(23)02269-9. Epub 2023 Oct 13. PMID: 37844589. <a href=\"https:\/\/pubmed.ncbi.nlm.nih.gov\/37844589\/\" target=\"_blank\" rel=\"noreferrer noopener\">https:\/\/pubmed.ncbi.nlm.nih.gov\/37844589\/<\/a><\/p>\n\n\n\n<p class=\"has-accent-1-color has-text-color\" style=\"font-size:20px\"><strong><strong>\u25cf<\/strong><\/strong> Bollig G, Rosenberg JP. Public Health Palliative Care and Public Palliative Care Education. Healthcare (Basel). 2023 Mar 3;11(5):745. doi: 10.3390\/healthcare11050745. PMID: 36900750; PMCID: PMC10000744. <a href=\"https:\/\/pubmed.ncbi.nlm.nih.gov\/36900750\/\" target=\"_blank\" rel=\"noreferrer noopener\">https:\/\/pubmed.ncbi.nlm.nih.gov\/36900750\/<\/a><\/p>\n\n\n\n<p class=\"has-accent-1-color has-text-color\" style=\"font-size:20px\"><strong><strong>\u25cf <\/strong><\/strong>Lista Completa de Publica\u00e7\u00f5es <\/p>\n\n\n\n<p class=\"has-accent-1-color has-text-color\" style=\"font-size:20px\"><a href=\"https:\/\/ultimossocorros.com.br\/index.php\/publicacoes\/artigos-publicados\" target=\"_blank\" rel=\"noreferrer noopener\">https:\/\/ultimossocorros.com.br\/index.php\/publicacoes\/artigos-publicados<\/a><\/p>\n<\/div><\/div>\n\n\n\n<p class=\"has-text-color\" style=\"color:#f60921;font-size:45px;font-style:normal;font-weight:700\"><strong>Participa\u00e7\u00e3o em Congressos<\/strong><\/p>\n\n\n\n<p class=\"has-accent-1-color has-text-color\" style=\"font-size:20px\"><strong><strong>\u25cf <\/strong><\/strong><strong>X Congresso Brasileiro de Cuidados Paliativos (2024)<\/strong> &#8211; Curso Pr\u00e9-Congresso<\/p>\n\n\n\n<p class=\"has-accent-1-color has-text-color\" style=\"font-size:20px\"><strong><strong>\u25cf <\/strong>2nd, 3rd e 4th International LAST AID Conference (2020, 2022 e 2024)<\/strong> &#8211; Palestra<\/p>\n\n\n\n<p class=\"has-accent-1-color has-text-color\" style=\"font-size:20px\"><strong><strong>\u25cf <\/strong>IV Congresso Paulista de Cuidados Paliativos (2023)<\/strong> &#8211; Palestra<\/p>\n\n\n\n<p class=\"has-accent-1-color has-text-color\" style=\"font-size:20px\"><strong><strong>\u25cf <\/strong>III Pali Rio \u2013 Congresso de Cuidados Paliativos do Rio de Janeiro (2025)<\/strong> &#8211; Palestra<\/p>\n\n\n\n<p class=\"has-accent-1-color has-text-color\" style=\"font-size:20px\"><strong><strong>\u25cf <\/strong>Congresso Internacional de Inova\u00e7\u00e3o e Pesquisa em Educa\u00e7\u00e3o na Sa\u00fade (2025)<\/strong> &#8211; Workshop<\/p>\n\n\n\n<p class=\"has-accent-1-color has-text-color\" style=\"font-size:20px\"><strong><strong>\u25cf <\/strong>2026 Annual Assembly of Hospice and Palliative Care (2026)<\/strong> &#8211; Trabalho<\/p>\n\n\n\n<p class=\"has-accent-1-color has-text-color\" style=\"font-size:20px\"><strong><strong>\u25cf <\/strong>V Congresso Paulista de Cuidados Paliativos (2025)<\/strong> &#8211; Trabalho e Apresenta\u00e7\u00e3o Oral <\/p>\n\n\n\n<p class=\"has-accent-1-color has-text-color\" style=\"font-size:20px\"><strong><strong>\u25cf <\/strong>XII Congresso Latino-Americano de Cuidados Paliativos e XI Congresso Brasileiro de Cuidados Paliativos (2026)<\/strong> &#8211; 2 Trabalhos<\/p>\n\n\n\n<p class=\"has-accent-1-color has-text-color\" style=\"font-size:20px\"><strong><strong>\u25cf <\/strong><\/strong><strong>6\u00ba e 7\u00ba Encontro Brasileiro de Servi\u00e7os e Ligas Acad\u00eamicas de Cuidados Paliativos (2023 e 2025)<\/strong> &#8211; Trabalho<\/p>\n\n\n\n<div style=\"height:50px\" aria-hidden=\"true\" class=\"wp-block-spacer\"><\/div>\n\n\n\n<p class=\"has-text-color\" style=\"color:#f60921;font-size:45px;font-style:normal;font-weight:700\"><strong>Na M\u00eddia<\/strong><\/p>\n\n\n\n<p class=\"has-accent-1-color has-text-color\" style=\"font-size:20px\"><strong><strong>\u25cf <\/strong>Palli Papers &#8211; <\/strong><a href=\"https:\/\/open.spotify.com\/episode\/38gsYzNzx2M2k4smYULZxT\" target=\"_blank\" rel=\"noreferrer noopener\">https:\/\/open.spotify.com\/episode\/38gsYzNzx2M2k4smYULZxT<\/a><\/p>\n\n\n\n<p class=\"has-accent-1-color has-text-color\" style=\"font-size:20px\"><strong><strong>\u25cf <\/strong>Portal do Envelhecimento <\/strong>&#8211; <a href=\"https:\/\/portaldoenvelhecimento.com.br\/ultimos-socorros-curso-promove-educacao-em-cuidados-sobre-o-processo-de-morrer\/\" target=\"_blank\" rel=\"noreferrer noopener\">https:\/\/portaldoenvelhecimento.com.br\/ultimos-socorros-curso-promove-educacao-em-cuidados-sobre-o-processo-de-morrer\/<\/a><\/p>\n\n\n\n<p class=\"has-accent-1-color has-text-color\" style=\"font-size:20px\"><strong><strong>\u25cf <\/strong>Jornal Primeira P\u00e1gina S\u00e3o Carlos <\/strong>&#8211; <a href=\"https:\/\/jornalpp.com.br\/noticias\/cidades\/medica-de-sao-carlos-integra-movimento-internacional-que-ensina-a-cuidar-no-fim-da-vida-veja-o-video\/\" target=\"_blank\" rel=\"noreferrer noopener\">https:\/\/jornalpp.com.br\/noticias\/cidades\/medica-de-sao-carlos-integra-movimento-internacional-que-ensina-a-cuidar-no-fim-da-vida-veja-o-video\/<\/a><\/p>\n\n\n\n<p class=\"has-accent-1-color has-text-color\" style=\"font-size:20px\"><strong><strong>\u25cf <\/strong>Di\u00e1logos com Dani &#8211; Convidada Karin Schmid &#8211; Epis\u00f3dio <a href=\"https:\/\/www.youtube.com\/hashtag\/028\">#028<\/a><\/strong> &#8211; <a href=\"https:\/\/www.youtube.com\/watch?v=jpnZ9m-TCQ8&amp;list=PLHCP2XmKGHVNrGzPrfNW9ZQauPSgsrpkm&amp;index=18\" target=\"_blank\" rel=\"noreferrer noopener\">https:\/\/www.youtube.com\/watch?v=jpnZ9m-TCQ8&amp;list=PLHCP2XmKGHVNrGzPrfNW9ZQauPSgsrpkm&amp;index=18<\/a><\/p>\n\n\n\n<p class=\"has-accent-1-color has-text-color\" style=\"font-size:20px\"><strong><strong>\u25cf <\/strong>Blog Morte sem Tabu<\/strong> &#8211; <a href=\"https:\/\/mortesemtabu.blogfolha.uol.com.br\/2020\/03\/03\/ultimos-socorros-para-no-final-saber-o-que-fazer\/\" target=\"_blank\" rel=\"noreferrer noopener\">https:\/\/mortesemtabu.blogfolha.uol.com.br\/2020\/03\/03\/ultimos-socorros-para-no-final-saber-o-que-fazer\/<\/a><\/p>\n\n\n\n<div style=\"height:50px\" aria-hidden=\"true\" class=\"wp-block-spacer\"><\/div>\n\n\n\n<p><\/p>\n","protected":false},"excerpt":{"rendered":"<p>Artigos \u25cf Schmid, K.; Cury, P.M.; Schmidt, M.; Bollig, G.; Nascimento, J.S. First Experiences with Last Aid &hellip;<\/p>\n","protected":false},"author":1,"featured_media":0,"parent":0,"menu_order":0,"comment_status":"closed","ping_status":"closed","template":"","meta":{"_monsterinsights_skip_tracking":false,"_monsterinsights_sitenote_active":false,"_monsterinsights_sitenote_note":"","_monsterinsights_sitenote_category":0,"footnotes":""},"class_list":["post-847","page","type-page","status-publish","hentry"],"_links":{"self":[{"href":"https:\/\/ultimossocorros.com.br\/index.php\/wp-json\/wp\/v2\/pages\/847","targetHints":{"allow":["GET"]}}],"collection":[{"href":"https:\/\/ultimossocorros.com.br\/index.php\/wp-json\/wp\/v2\/pages"}],"about":[{"href":"https:\/\/ultimossocorros.com.br\/index.php\/wp-json\/wp\/v2\/types\/page"}],"author":[{"embeddable":true,"href":"https:\/\/ultimossocorros.com.br\/index.php\/wp-json\/wp\/v2\/users\/1"}],"replies":[{"embeddable":true,"href":"https:\/\/ultimossocorros.com.br\/index.php\/wp-json\/wp\/v2\/comments?post=847"}],"version-history":[{"count":11,"href":"https:\/\/ultimossocorros.com.br\/index.php\/wp-json\/wp\/v2\/pages\/847\/revisions"}],"predecessor-version":[{"id":864,"href":"https:\/\/ultimossocorros.com.br\/index.php\/wp-json\/wp\/v2\/pages\/847\/revisions\/864"}],"wp:attachment":[{"href":"https:\/\/ultimossocorros.com.br\/index.php\/wp-json\/wp\/v2\/media?parent=847"}],"curies":[{"name":"wp","href":"https:\/\/api.w.org\/{rel}","templated":true}]}}

Publicações

<p class="has-text-color" style="color:#f60921;font-size:45px;font-style:normal;font-weight:700"><strong>Artigos</strong></p>



<div class="wp-block-group"><div class="wp-block-group__inner-container is-layout-constrained wp-block-group-is-layout-constrained">
<p class="has-accent-1-color has-text-color" style="font-size:20px"><strong><strong>● </strong></strong>Schmid, K.; Cury, P.M.; Schmidt, M.; Bollig, G.; Nascimento, J.S. First Experiences with Last Aid Courses as Tool for Public Palliative Care Education in Brazil. <em>Nurs. Rep.</em> <strong>2025</strong>, <em>15</em>, 386. <a href="https://doi.org/10.3390/nursrep15110386" target="_blank" rel="noreferrer noopener">https://doi.org/10.3390/nursrep15110386</a></p>



<p class="has-accent-1-color has-text-color" style="font-size:20px"><strong><strong>●</strong></strong>  Mills J, Abel J, Kellehear A, Noonan K, Bollig G, Grindod A, Hamzah E, Haberecht J. The role and contribution of compassionate communities. Lancet. 2024 Jul 13;404(10448):104-106. doi: 10.1016/S0140-6736(23)02269-9. Epub 2023 Oct 13. PMID: 37844589. <a href="https://pubmed.ncbi.nlm.nih.gov/37844589/" target="_blank" rel="noreferrer noopener">https://pubmed.ncbi.nlm.nih.gov/37844589/</a></p>



<p class="has-accent-1-color has-text-color" style="font-size:20px"><strong><strong>●</strong></strong> Bollig G, Rosenberg JP. Public Health Palliative Care and Public Palliative Care Education. Healthcare (Basel). 2023 Mar 3;11(5):745. doi: 10.3390/healthcare11050745. PMID: 36900750; PMCID: PMC10000744. <a href="https://pubmed.ncbi.nlm.nih.gov/36900750/" target="_blank" rel="noreferrer noopener">https://pubmed.ncbi.nlm.nih.gov/36900750/</a></p>



<p class="has-accent-1-color has-text-color" style="font-size:20px"><strong><strong>● </strong></strong>Lista Completa de Publicações </p>



<p class="has-accent-1-color has-text-color" style="font-size:20px"><a href="https://ultimossocorros.com.br/index.php/publicacoes/artigos-publicados" target="_blank" rel="noreferrer noopener">https://ultimossocorros.com.br/index.php/publicacoes/artigos-publicados</a></p>
</div></div>



<p class="has-text-color" style="color:#f60921;font-size:45px;font-style:normal;font-weight:700"><strong>Participação em Congressos</strong></p>



<p class="has-accent-1-color has-text-color" style="font-size:20px"><strong><strong>● </strong></strong><strong>X Congresso Brasileiro de Cuidados Paliativos (2024)</strong> &#8211; Curso Pré-Congresso</p>



<p class="has-accent-1-color has-text-color" style="font-size:20px"><strong><strong>● </strong>2nd, 3rd e 4th International LAST AID Conference (2020, 2022 e 2024)</strong> &#8211; Palestra</p>



<p class="has-accent-1-color has-text-color" style="font-size:20px"><strong><strong>● </strong>IV Congresso Paulista de Cuidados Paliativos (2023)</strong> &#8211; Palestra</p>



<p class="has-accent-1-color has-text-color" style="font-size:20px"><strong><strong>● </strong>III Pali Rio – Congresso de Cuidados Paliativos do Rio de Janeiro (2025)</strong> &#8211; Palestra</p>



<p class="has-accent-1-color has-text-color" style="font-size:20px"><strong><strong>● </strong>Congresso Internacional de Inovação e Pesquisa em Educação na Saúde (2025)</strong> &#8211; Workshop</p>



<p class="has-accent-1-color has-text-color" style="font-size:20px"><strong><strong>● </strong>2026 Annual Assembly of Hospice and Palliative Care (2026)</strong> &#8211; Trabalho</p>



<p class="has-accent-1-color has-text-color" style="font-size:20px"><strong><strong>● </strong>V Congresso Paulista de Cuidados Paliativos (2025)</strong> &#8211; Trabalho e Apresentação Oral </p>



<p class="has-accent-1-color has-text-color" style="font-size:20px"><strong><strong>● </strong>XII Congresso Latino-Americano de Cuidados Paliativos e XI Congresso Brasileiro de Cuidados Paliativos (2026)</strong> &#8211; 2 Trabalhos</p>



<p class="has-accent-1-color has-text-color" style="font-size:20px"><strong><strong>● </strong></strong><strong>6º e 7º Encontro Brasileiro de Serviços e Ligas Acadêmicas de Cuidados Paliativos (2023 e 2025)</strong> &#8211; Trabalho</p>



<div style="height:50px" aria-hidden="true" class="wp-block-spacer"></div>



<p class="has-text-color" style="color:#f60921;font-size:45px;font-style:normal;font-weight:700"><strong>Na Mídia</strong></p>



<p class="has-accent-1-color has-text-color" style="font-size:20px"><strong><strong>● </strong>Palli Papers &#8211; </strong><a href="https://open.spotify.com/episode/38gsYzNzx2M2k4smYULZxT" target="_blank" rel="noreferrer noopener">https://open.spotify.com/episode/38gsYzNzx2M2k4smYULZxT</a></p>



<p class="has-accent-1-color has-text-color" style="font-size:20px"><strong><strong>● </strong>Portal do Envelhecimento </strong>&#8211; <a href="https://portaldoenvelhecimento.com.br/ultimos-socorros-curso-promove-educacao-em-cuidados-sobre-o-processo-de-morrer/" target="_blank" rel="noreferrer noopener">https://portaldoenvelhecimento.com.br/ultimos-socorros-curso-promove-educacao-em-cuidados-sobre-o-processo-de-morrer/</a></p>



<p class="has-accent-1-color has-text-color" style="font-size:20px"><strong><strong>● </strong>Jornal Primeira Página São Carlos </strong>&#8211; <a href="https://jornalpp.com.br/noticias/cidades/medica-de-sao-carlos-integra-movimento-internacional-que-ensina-a-cuidar-no-fim-da-vida-veja-o-video/" target="_blank" rel="noreferrer noopener">https://jornalpp.com.br/noticias/cidades/medica-de-sao-carlos-integra-movimento-internacional-que-ensina-a-cuidar-no-fim-da-vida-veja-o-video/</a></p>



<p class="has-accent-1-color has-text-color" style="font-size:20px"><strong><strong>● </strong>Diálogos com Dani &#8211; Convidada Karin Schmid &#8211; Episódio <a href="https://www.youtube.com/hashtag/028">#028</a></strong> &#8211; <a href="https://www.youtube.com/watch?v=jpnZ9m-TCQ8&amp;list=PLHCP2XmKGHVNrGzPrfNW9ZQauPSgsrpkm&amp;index=18" target="_blank" rel="noreferrer noopener">https://www.youtube.com/watch?v=jpnZ9m-TCQ8&amp;list=PLHCP2XmKGHVNrGzPrfNW9ZQauPSgsrpkm&amp;index=18</a></p>



<p class="has-accent-1-color has-text-color" style="font-size:20px"><strong><strong>● </strong>Blog Morte sem Tabu</strong> &#8211; <a href="https://mortesemtabu.blogfolha.uol.com.br/2020/03/03/ultimos-socorros-para-no-final-saber-o-que-fazer/" target="_blank" rel="noreferrer noopener">https://mortesemtabu.blogfolha.uol.com.br/2020/03/03/ultimos-socorros-para-no-final-saber-o-que-fazer/</a></p>



<div style="height:50px" aria-hidden="true" class="wp-block-spacer"></div>



<p></p>
